8.
121
Calculate the remainder when 188201 is divided by 139.
134
Calculate the remainder when 7651 is divided by 548.
527
Calculate the remainder when 9877 is divided by 617.
5
Calculate the remainder when 102138 is divided by 38.
32
What is the remainder when 1132787 is divided by 7?
5
What is the remainder when 147728 is divided by 15?
8
What is the remainder when 259826 is divided by 257?
256
Calculate the remainder when 2004 is divided by 769.
466
What is the remainder when 97581 is divided by 234?
3
What is the remainder when 618738 is divided by 309364?
10
What is the remainder when 36037 is divided by 8978?
125
Calculate the remainder when 2017 is divided by 658.
43
What is the remainder when 1437 is divided by 111?
105
Calculate the remainder when 63417 is divided by 1040.
1017
Calculate the remainder when 1696 is divided by 25.
21
Calculate the remainder when 800 is divided by 230.
110
Calculate the remainder when 68287 is divided by 13635.
112
Calculate the remainder when 26721 is divided by 9.
0
What is the remainder when 700 is divided by 115?
10
Calculate the remainder when 2025138 is divided by 254.
250
What is the remainder when 3540 is divided by 35?
5
Calculate the remainder when 30440 is divided by 59.
55
What is the remainder when 14151 is divided by 7?
4
What is the remainder when 3047 is divided by 500?
47
What is the remainder when 10059 is divided by 526?
65
Calculate the remainder when 10694 is divided by 15.
14
Calculate the remainder when 34527 is divided by 1155.
1032
Calculate the remainder when 13460 is divided by 58.
4
What is the remainder when 10599 is divided by 97?
26
Calculate the remainder when 6382 is divided by 150.
82
Calculate the remainder when 6968 is divided by 1391.
13
What is the remainder when 41184 is divided by 56?
24
Calculate the remainder when 4617 is divided by 120.
57
Calculate the remainder when 4762 is divided by 104.
82
Calculate the remainder when 4401 is divided by 245.
236
Calculate the remainder when 2325 is divided by 312.
141
Calculate the remainder when 2415 is divided by 11.
6
What is the remainder when 1833 is divided by 115?
108
Calculate the remainder when 2491 is divided by 824.
19
Calculate the remainder when 48485 is divided by 58.
55
What is the remainder when 442697 is divided by 76?
73
What is the remainder when 267359 is divided by 775?
759
What is the remainder when 9502 is divided by 174?
106
Calculate the remainder when 7878 is divided by 24.
6
What is the remainder when 7017 is divided by 205?
47
What is the remainder when 10997 is divided by 2745?
17
What is the remainder when 39038 is divided by 91?
90
What is the remainder when 747 is divided by 108?
99
What is the remainder when 1796183 is divided by 39?
38
Calculate the remainder when 1205 is divided by 108.
17
Calculate the remainder when 11637 is divided by 104.
93
Calculate the remainder when 4464 is divided by 228.
132
Calculate the remainder when 1530011 is divided by 548.
543
Calculate the remainder when 212920 is divided by 35479.
46
What is the remainder when 3906774 is divided by 155?
154
What is the remainder when 24935 is divided by 51?
47
What is the remainder when 120172 is divided by 56?
52
What is the remainder when 29488 is divided by 87?
82
Calculate the remainder when 1878 is divided by 145.
138
What is the remainder when 56075 is divided by 56070?
5
What is the remainder when 6668 is divided by 86?
46
Calculate the remainder when 12824 is divided by 162.
26
What is the remainder when 15237 is divided by 401?
400
Calculate the remainder when 875 is divided by 303.
269
What is the remainder when 94853 is divided by 275?
253
Calculate the remainder when 106532 is divided by 2536.
20
What is the remainder when 248412 is divided by 10?
2
Calculate the remainder when 52704 is divided by 253.
80
What is the remainder when 1431 is divided by 298?
239
What is the remainder when 19309 is divided by 297?
4
Calculate the remainder when 2338 is divided by 3.
1
What is the remainder when 2213 is divided by 53?
40
What is the remainder when 148992 is divided by 5959?
17
What is the remainder when 379367 is divided by 643?
640
What is the remainder when 1164065 is divided by 233?
230
What is the remainder when 16646 is divided by 333?
329
Calculate the remainder when 110038 is divided by 61.
55
What is the remainder when 1580972 is divided by 526988?
8
What is the remainder when 5338 is divided by 734?
200
Calculate the remainder when 8590 is divided by 221.
192
What is the remainder when 20238 is divided by 6735?
33
What is the remainder when 349 is divided by 6?
1
Calculate the remainder when 103033 is divided by 185.
173
What is the remainder when 8158 is divided by 541?
43
What is the remainder when 6136 is divided by 52?
0
What is the remainder when 10055 is divided by 588?
59
Calculate the remainder when 13648 is divided by 484.
96
What is the remainder when 2635 is divided by 15?
10
Calculate the remainder when 838220 is divided by 25.
20
What is the remainder when 2385 is divided by 262?
27
Calculate the remainder when 2237 is divided by 596.
449
Calculate the remainder when 2902 is divided by 90.
22
Calculate the remainder when 5138 is divided by 150.
38
What is the remainder when 2127 is divided by 638?
213
What is the remainder when 17009 is divided by 1214?
13
What is the remainder when 2088 is divided by 1658?
430
What is the remainder when 27238 is divided by 109?
97
Calculate the remainder when 16694 is divided by 380.
354
Calculate the remainder when 13580 is divided by 665.
280
Calculate the remainder when 66752 is divided by 33178.
396
Calculate the remainder when 125742 is divided by 303.
300
What is the remainder when 14263 is divided by 2303?
445
What is the remainder when 129957 is divided by 285?
282
Calculate the remainder when 14533 is divided by 9.
7
Calculate the remainder when 4564 is divided by 15.
4
Calculate the remainder when 42802 is divided by 26.
6
Calculate the remainder when 1483 is divided by 31.
26
Calculate the remainder when 3263 is divided by 767.
195
What is the remainder when 15293 is divided by 8?
5
What is the remainder when 4527 is divided by 91?
68
What is the remainder when 6667 is divided by 3271?
125
Calculate the remainder when 62356 is divided by 630.
616
What is the remainder when 563923 is divided by 1424?
19
Calculate the remainder when 30310 is divided by 6060.
10
What is the remainder when 21475 is divided by 5357?
47
Calculate the remainder when 73589 is divided by 629.
625
Calculate the remainder when 34107 is divided by 33.
18
What is the remainder when 255251 is divided by 18?
11
What is the remainder when 63898 is divided by 157?
156
What is the remainder when 29228 is divided by 185?
183
Calculate the remainder when 289659 is divided by 20689.
13
Calculate the remainder when 3219 is divided by 3023.
196
Calculate the remainder when 11040 is divided by 9.
6
What is the remainder when 6607 is divided by 14?
13
Calculate the remainder when 73296 is divided by 24431.
3
What is the remainder when 1280 is divided by 277?
172
Calculate the remainder when 5584 is divided by 2775.
34
Calculate the remainder when 2748 is divided by 299.
57
Calculate the remainder when 5193 is divided by 5174.
19
Calculate the remainder when 12305459 is divided by 482.
481
Calculate the remainder when 9560 is divided by 1065.
1040
Calculate the remainder when 1716 is divided by 1579.
137
Calculate the remainder when 2285 is divided by 71.
13
What is the remainder when 153968 is divided by 457?
416
Calculate the remainder when 50962 is divided by 451.
450
Calculate the remainder when 54499 is divided by 139.
11
What is the remainder when 323011 is divided by 40?
11
What is the remainder when 53900 is divided by 1199?
1144
What is the remainder when 11433 is divided by 636?
621
What is the remainder when 67586 is divided by 4222?
34
Calculate the remainder when 80776 is divided by 81.
19
Calculate the remainder when 4673 is divided by 1166.
9
Calculate the remainder when 32504 is divided by 16226.
52
Calculate the remainder when 330423 is divided by 401.
400
Calculate the remainder when 8342 is divided by 8342.
0
Calculate the remainder when 66857 is divided by 662.
657